it of 591667?
6
What is the ten thousands digit of 14468827?
6
What is the tens digit of 1373916?
1
What is the ten thousands digit of 14888990?
8
What is the ten thousands digit of 3644921?
4
What is the hundred thousands digit of 510287?
5
What is the millions digit of 23561975?
3
What is the hundreds digit of 34714734?
7
What is the units digit of 321401?
1
What is the hundreds digit of 590585?
5
What is the ten thousands digit of 193344?
9
What is the tens digit of 330622?
2
What is the hundreds digit of 158337?
3
What is the hundred thousands digit of 3546630?
5
What is the hundred thousands digit of 1090642?
0
What is the ten thousands digit of 3000903?
0
What is the hundred thousands digit of 16322264?
3
What is the hundreds digit of 11415967?
9
What is the ten thousands digit of 719154?
1
What is the units digit of 289822?
2
What is the ten millions digit of 15601515?
1
What is the thousands digit of 980577?
0
What is the millions digit of 15985415?
5
What is the hundreds digit of 316792?
7
What is the ten thousands digit of 6705907?
0
What is the millions digit of 1376452?
1
What is the thousands digit of 220511?
0
What is the hundreds digit of 5555751?
7
What is the ten thousands digit of 223085?
2
What is the units digit of 6368226?
6
What is the thousands digit of 3790950?
0
What is the hundreds digit of 230860?
8
What is the hundreds digit of 83467?
4
What is the millions digit of 29584909?
9
What is the tens digit of 38445755?
5
What is the hundred thousands digit of 9107519?
1
What is the hundreds digit of 14864884?
8
What is the hundred thousands digit of 810655?
8
What is the units digit of 1131870?
0
What is the units digit of 610269?
9
What is the millions digit of 23398723?
3
What is the thousands digit of 9167091?
7
What is the units digit of 31643?
3
What is the hundred thousands digit of 1465532?
4
What is the hundred thousands digit of 3519439?
5
What is the units digit of 3234690?
0
What is the millions digit of 12417578?
2
What is the hundreds digit of 3396323?
3
What is the hundreds digit of 2010499?
4
What is the millions digit of 25885900?
5
What is the thousands digit of 4954764?
4
What is the tens digit of 10754431?
3
What is the hundred thousands digit of 2750884?
7
What is the hundred thousands digit of 5480904?
4
What is the thousands digit of 4624125?
4
What is the tens digit of 10127465?
6
What is the millions digit of 9971292?
9
What is the tens digit of 23956351?
5
What is the hundred thousands digit of 2330298?
3
What is the hundred thousands digit of 878671?
8
What is the hundreds digit of 7342004?
0
What is the thousands digit of 354708?
4
What is the hundreds digit of 7400420?
4
What is the ten thousands digit of 273374?
7
What is the thousands digit of 10716958?
6
What is the millions digit of 6515769?
6
What is the units digit of 26197334?
4
What is the units digit of 1968093?
3
What is the units digit of 3747847?
7
What is the hundreds digit of 191292?
2
What is the thousands digit of 815214?
5
What is the tens digit of 12628?
2
What is the tens digit of 56296?
9
What is the hundred thousands digit of 3711436?
7
What is the units digit of 1314496?
6
What is the units digit of 14869667?
7
What is the tens digit of 326994?
9
What is the hundred thousands digit of 8908831?
9
What is the thousands digit of 172983?
2
What is the thousands digit of 274717?
4
What is the units digit of 173925?
5
What is the tens digit of 1889243?
4
What is the tens digit of 14808123?
2
What is the hundreds digit of 4885962?
9
What is the units digit of 1552?
2
What is the thousands digit of 95313?
5
What is the ten thousands digit of 489194?
8
What is the tens digit of 187699?
9
What is the hundreds digit of 314756?
7
What is the hundred thousands digit of 3279926?
2
What is the units digit of 3105881?
1
What is the units digit of 11779217?
7
What is the hundred thousands digit of 540634?
5
What is the tens digit of 345897?
9
What is the hundreds digit of 516357?
3
What is the ten thousands digit of 364749?
6
What is the millions digit of 2788229?
2
What is the hundred thousands digit of 223058?
2
What is the tens digit of 287887?
8
What is the ten thousands digit of 5225295?
2
What is the units digit of 2356302?
2
What is the hundreds digit of 19815672?
6
What is the thousands digit of 4803795?
3
What is the tens digit of 59800?
0
What is the hundred thousands digit of 532774?
5
What is the hundreds digit of 731922?
9
What is the thousands digit of 2516590?
6
What is the thousands digit of 1566867?
6
What is the thousands digit of 237513?
7
What is the thousands digit of 110009?
0
What is the hundred thousands digit of 954598?
9
What is the tens digit of 4713420?
2
What is the hundreds digit of 396261?
2
What is the hundred thousands digit of 931278?
9
What is the tens digit of 1712881?
8
What is the tens digit of 15599520?
2
What is the thousands digit of 7119701?
9
What is the ten thousands digit of 3600861?
0
What is the hundred thousands digit of 1957942?
9
What is the ten thousands digit of 623307?
2
What is the tens digit of 90223?
2
What is the hundreds digit of 22122636?
6
What is the tens digit of 3667260?
6
What is the hundred thousands digit of 498537?
4
What is the tens digit of 243592?
9
What is the units digit of 223312?
2
What is the units digit of 1812622?
2
What is the tens digit of 285976?
7
What is the ten thousands digit of 3825557?
2
What is the hundreds digit of 8856600?
6
What is the units digit of 6424196?
6
What is the hundreds digit of 1037785?
7
What is the units digit of 98384?
4
What is the units digit of 16851465?
5
What is the units digit of 2439027?
7
What is the tens digit of 3140770?
7
What is the ten thousands digit of 284381?
8
What is the tens digit of 2188473?
7
What is the hundred thousands digit of 1320201?
3
What is the units digit of 319660?
0
What is the units digit of 460318?
8
What is the ten thousands digit of 269434?
6
What is the units digit of 5488245?
5
What is the units digit of 101063?
3
What is the tens digit of 483718?
1
What is the units digit of 66246?
6
What is the ten millions digit of 11549509?
1
What is the millions digit of 14615304?
4
What is the units digit of 794876?
6
What is the thousands digit of 2846209?
6
What is the ten thousands digit of 696562?
9
What is the thousands digit of 821101?
1
What is the ten thousands digit of 7912695?
1
What is the units digit of 17150882?
2
What is the tens digit of 898645?
4
What is the units digit of 106263?
3
What is the hundred thousands digit of 1419477?
4
What is the units digit of 161264?
4
What is the hundreds digit of 31220405?
4
What is the hundreds digit of 7940410?
4
What is the thousands digit of 303209?
3
What is the units digit of 330344?
4
What is the thousands digit of 410041?
0
What is the units digit of 181689?
9
What is the hundreds digit of 38900878?
8
What is the tens digit of 1888118?
1
What is the ten thousands digit of 4839599?
3
What is the ten thousands digit of 7664420?
6
What is the millions digit of 5768733?
5
What is the tens digit of 3764536?
3
What is the tens digit of 111149?
4
What is the hundred thousands digit of 5695932?
6
What is the ten thousands digit of 4042386?
4
What is the tens digit of 2167950?
5
What is the tens digit of 557987?
8
What is the tens digit of 1708518?
1
What is the hundred thousands digit of 300826?
3
What is the millions digit of 5167278?
5
What is the millions digit of 1453823?
1
What is the ten thousands digit of 546440?
4
What is the hundreds digit of 418131?
1
What is the units digit of 85060?
0
What is the millions digit of 2334235?
2
What is the ten thousands digit of 134526?
3
What is the tens digit of 5553762?
6
What is the tens digit of 334343?
4
What is the millions digit of 39566796?
9
What is the tens digit of 928889?
8
What is the ten thousands digit of 4938507?
3
What is the tens digit of 267952?
5
What is the tens digit of 583765?
6
What is the thousands digit of 26761420?
1
What is the hundred thousands digit of 1546930?
5
What is the hundred thousands digit of 725460?
7
What is the units digit of 588726?
6
What is the thousands digit of 1817902?
7
What is the ten millions digit of 21809477?
2
What is the tens digit of 610987?
8
What is the